+ 30399. Calculate j(17).
3
Let u(t) = -15*t**2 - 3*t + 12. Calculate u(5).
-378
Let u(s) = 912*s - 7177. What is u(8)?
119
Let v(w) = -w**2 + 33*w - 164. Give v(31).
-102
Let q(g) = 27*g**3 + 10*g**2 + 24*g + 12. What is q(-2)?
-212
Let m(f) = 6*f**3 - 6*f**2 - 2*f + 8. What is m(3)?
110
Let h(z) = -649*z - 55152. Determine h(-85).
13
Let u(p) = -30*p**3 - p**2 + 44*p - 42. Calculate u(1).
-29
Let f(p) = p**3 + 34*p**2 + 26*p - 223. What is f(-33)?
8
Let t(f) = -3*f**2 - 836*f + 6283. Determine t(-286).
-9
Let y(s) = -8*s**3 - 74*s**2 - 29*s - 24. What is y(-9)?
75
Let v(j) = j**2 + 37*j - 1467. Calculate v(24).
-3
Let f(c) = -22*c - 2193. What is f(-98)?
-37
Let r(b) = -b**3 + 9*b**2 + b + 25. Give r(9).
34
Let p(r) = 314*r + 46804. Determine p(-149).
18
Let k(b) = 2*b + 142. Calculate k(11).
164
Let z(b) = -b**3 - 6*b**2 + 68*b + 19. What is z(6)?
-5
Let h(u) = 2*u**2 - 11983*u + 23970. What is h(2)?
12
Let c(l) = -15*l**2 + 76*l + 5. What is c(6)?
-79
Let v(n) = 2*n**3 + 65*n**2 - 259*n - 216. What is v(-36)?
36
Let m(c) = c**3 - 19*c**2 + 88*c + 7. What is m(9)?
-11
Let l(n) = 3*n**2 + 28*n - 640. What is l(-20)?
0
Let s(l) = -11*l**2 - 71*l - 7. What is s(-6)?
23
Let t(y) = -y**3 - 28*y**2 + 18*y - 313. Determine t(-29).
6
Let t(k) = -208*k - 176. What is t(-1)?
32
Let p(l) = -4*l**2 + 69*l + 185. What is p(-3)?
-58
Let n(d) = -54*d - 704. What is n(-8)?
-272
Let u(n) = 9*n**2 - 290*n - 1610. Calculate u(37).
-19
Let d(x) = 277*x - 7740. Give d(28).
16
Let s(t) = 2*t**2 - 50*t + 19. Calculate s(9).
-269
Let v(z) = 3*z**3 + 18*z**2 - 30*z - 148. Calculate v(-5).
77
Let d(y) = -24*y + 946. What is d(46)?
-158
Let v(k) = 8*k**3 + 2*k**2 + 33*k + 30. What is v(-1)?
-9
Let i(n) = -2*n**3 - 105*n**2 + 60*n + 81. What is i(-53)?
-290
Let b(w) = -326*w + 20509. What is b(63)?
-29
Let u(h) = h**2 - 22*h - 175. Calculate u(29).
28
Let u(j) = 14*j + 705. What is u(-53)?
-37
Let t(o) = -o**2 - 84*o + 1854. Calculate t(18).
18
Let k(d) = 3*d**2 + 157*d - 796. What is k(-57)?
2
Let y(f) = 226*f + 5629. Determine y(-25).
-21
Let x(a) = a**3 - 132*a**2 - 158*a + 3337. What is x(133)?
12
Let d(l) = 11*l**2 - 169*l + 40. Give d(15).
-20
Let n(t) = 774*t + 228325. What is n(-295)?
-5
Let g(a) = 4*a**3 + 78*a**2 - 36*a - 123. Give g(-20).
-203
Let w(m) = 285*m + 12258. Calculate w(-43).
3
Let z(j) = 159*j + 1349. Determine z(-9).
-82
Let v(d) = 193*d + 8357. Determine v(-43).
58
Let n(g) = 4*g**3 + 957*g**2 - 712*g + 1924. Determine n(-240).
4
Let s(o) = 34*o**3 + 104*o**2 + 19*o + 44. Calculate s(-3).
5
Let c(x) = x**2 + 389*x - 2375. Give c(6).
-5
Let c(a) = 38*a - 543. What is c(26)?
445
Let o(z) = 10*z**2 + 32*z - 1. Calculate o(-4).
31
Let l(p) = -7*p + 91. What is l(16)?
-21
Let l(y) = 10*y - 366. Give l(47).
104
Let i(j) = -9*j**2 - 252*j + 6. Give i(-28).
6
Let i(q) = -18*q**2 - 5*q - 1. Calculate i(-1).
-14
Let p(w) = 4*w**2 + 253*w + 6. Calculate p(-64).
198
Let o(f) = 22*f**2 - 860*f - 4755. What is o(44)?
-3
Let u(s) = -3*s**2 + 41*s + 70. Calculate u(18).
-164
Let v(u) = -51*u - 16361. What is v(-321)?
10
Let s(k) = k**3 + 2*k**2 - 173*k - 25. Determine s(-14).
45
Let n(z) = -z**3 - 16*z**2 - 68*z - 44. Calculate n(-10).
36
Let m(n) = -n**3 + 74*n**2 - 186*n - 1919. Give m(71).
-2
Let l(q) = -10*q**2 - 14*q - 7. Give l(-2).
-19
Let u(k) = -1365*k - 10892. Calculate u(-8).
28
Let y(j) = -j**2 - 26*j - 280. Determine y(0).
-280
Let d(g) = 12*g**2 - 271*g - 115. Calculate d(23).
0
Let q(x) = x**3 - 43*x**2 - 4*x + 164. Determine q(43).
-8
Let n(g) = 2*g**3 - 22*g**2 - 255*g + 2804. Calculate n(11).
-1
Let i(v) = 58*v**2 + 1030*v - 80. Calculate i(-18).
172
Let p(t) = -6*t - 53. What is p(-10)?
7
Let g(r) = -2*r**2 + 43*r - 175. What is g(19)?
-80
Let o(i) = -11*i**2 - 24*i - 87. Calculate o(-3).
-114
Let y(w) = w**2 + 218*w - 876. Calculate y(4).
12
Let a(o) = -25*o + 33. Give a(7).
-142
Let g(d) = 415*d - 836. Calculate g(4).
824
Let f(w) = 1395*w + 40456. Calculate f(-29).
1
Let v(p) = 2*p**2 - 61*p - 594. Calculate v(38).
-24
Let k(d) = d**2 - 35*d - 1236. Give k(-21).
-60
Let c(g) = -g**3 + 35*g**2 - 280*g - 292. Give c(21).
2
Let v(z) = 7*z**2 + 43*z - 229. Determine v(5).
161
Let z(a) = -a**3 - 10*a**2 - 2*a - 43. Determine z(-10).
-23
Let b(r) = 5*r**2 + 802*r + 5667. Determine b(-153).
6
Let y(o) = o**2 + 50*o + 435. Calculate y(-14).
-69
Let b(x) = 8*x**3 - 80*x**2 + 138*x - 596. What is b(9)?
-2
Let g(o) = 11*o**2 + 39*o + 6. Give g(-4).
26
Let j(o) = 2*o**2 + 25*o - 10. Calculate j(0).
-10
Let a(n) = n**2 + 33*n + 221. Calculate a(0).
221
Let q(n) = 3*n**2 + 10*n + 34. Calculate q(-4).
42
Let r(x) = 13*x**2 + 7*x + 4. Determine r(-2).
42
Let q(i) = 105*i**2 + 137*i + 137. Give q(-1).
105
Let y(h) = -13*h**2 - 1093*h - 83. Determine y(-84).
1
Let s(t) = t**3 + 21*t**2 - 66*t - 751. Determine s(-22).
217
Let t(v) = -v**2 + 80*v - 1152. What is t(61)?
7
Let c(p) = -2*p**3 - 78*p**2 - 547*p - 135. Calculate c(-30).
75
Let g(b) = b**2 - 51*b - 985. Determine g(-15).
5
Let c(u) = -195*u + 385. Give c(2).
-5
Let n(d) = -16*d - 79. What is n(-27)?
353
Let n(j) = 26*j**2 + 16*j - 178. Give n(7).
1208
Let n(j) = j**2 + 114*j + 2927. Give n(-39).
2
Let d(y) = -2*y**3 + 593*y**2 - 2052*y + 289. Give d(293).
-4
Let x(j) = -1144*j - 3432. Give x(-3).
0
Let p(y) = 2*y**3 + 22*y**2 - 262*y + 537. Calculate p(3).
3
Let p(r) = -1992*r - 33855. Determine p(-17).
9
Let d(o) = 15*o**2 - 7*o - 39. Determine d(-3).
117
Let q(a) = a**3 - 3*a**2 - 89*a - 8. Give q(-8).
0
Let n(v) = 45*v + 847. What is n(-19)?
-8
Let k(y) = -y**3 - 9*y**2 + 4*y. Calculate k(0).
0
Let q(g) = -1891*g - 9472. What is q(-5)?
-17
Let x(p) = -p**3 - 40*p**2 + 298*p - 144. Determine x(6).
-12
Let g(x) = 462*x - 2186. What is g(5)?
124
Let s(v) = 4*v**2 - 43*v + 67. Calculate s(2).
-3
Let y(h) = 195*h - 10537. Determine y(54).
-7
Let p(j) = 4*j**2 + 108*j + 155. Calculate p(-26).
51
Let s(k) = 2*k**2 - 19*k - 123. Calculate s(14).
3
Let q(a) = -91*a - 325. What is q(-4)?
39
Let f(q) = 92*q + 194. Determine f(-2).
10
Let g(o) = -46*o + 127. What is g(3)?
-11
Let k(j) = j**2 + 168*j + 803. Give k(-5).
-12
Let n(f) = -f**2 + 35*f - 356. Determine n(26).
-122
Let k(u) = -u**2 - 37*u + 135. Calculate k(-13).
447
Let s(r) = -13*r**2 - 83*r - 51. What is s(-6)?
-21
Let t(p) = 332*p + 2306. Calculate t(-6).
314
Let d(j) = j**3 - 17*j**2 - 32*j - 120. Determine d(19).
-6
Let s(w) = 1583*w + 19051. Give s(-12).
55
Let w(i) = 33*i + 71. What is w(4)?
203
Let c(x) = x**3 - 44*x**2 - 100*x + 160. Give c(46).
-208
Let n(g) = -10*g**3 + g**2 + 15*g + 37. Determine n(-2).
91
Let x(a) = -2*a**3 - 16*a**2 + 86*a + 677. What is x(-8)?
-11
Let a(o) = o**2 - 92*o + 2110. Calculate a(42).
10
Let w(r) = 24*r + 685. Give w(6).
829
Let d(x) = -x**2 - 135*x - 2754. What is d(-25)?
-4
Let r(l) = -30*l - 645. Determine r(-22).
15
Let a(g) = -9*g - 762. What is a(-84)?
-6
Let m(b) = -3*b**2 + 34*b + 5. Calculate m(12).
-19
Let n(x) = -4*x**2 - 45*x + 351. Determine n(6).
-63
Let z(k) = 5*k**2 + 102*k + 478. Calculate z(-5).
93
Let a(r) = 146*r - 6397. Give a(44).
27
Let o(z) = 92*z + 724. Determine o(-8).
-12
Let y(j) = -j**2 + 49*j - 264. Calculate y(9).
96
Let b(v) = 175*v**3 + 23*v**2 + 20*v - 1. Calculate b(-1).
-173
Let q(i) = 3*i**2 + 169*i - 338. What is q(2)?
12
Let t(q) = 11*q**2 - 26*q - 39. Determine t(3).
-18
Let x(u) = -22*u - 90. Determine x(25).
-640
Let p(b) = -83*b - 749. Calculate p(-9).
-2
Let f(v) = -2*v**2 + 32*v + 198. Give f(20).
38
Let h(p) = -2*p**3 - 15*p**2 + 16*p - 79. Calculate h(-9).
20
Let s(r) = -516*r + 1. Give s(0).
1
Let i(u) = -u**3 - 8*u**2 - 56*u - 117. Calculate i(-2).
-29
Let a(r) = 191*r + 33418. Give a(-175).
-7
Let c(i) = 368*i + 3625. Determine c(-10).
-55
Let d(y) = -45*y + 3418. Determine d(76).
-2
Let h(j) = -19*j**2 + 61*j + 59. Determine h(-1).
-21
Let s(p) = -2*p**3 + 167*p**2 + 75*p + 738. What is s(84)?
-18
Let r(h) = h**3 + 9*h**2 - 8*h + 16. What is r(-8)?
144
Let z(k) = -k**2 - 21*k - 3. Determine z(0).
-3
Let k(l) = 9*l - 134. Give k(12).
-26
Let a(m) = 2*m**3 + 13*m**2 - 46*m - 292. What is a(-7)?
-19
Let l(s) = 2*s**2 - 46*s - 637. What is l(-10)?
23
Let g(y) = -16*y**2 + 24*y - 27. Give g(1).
-19
Let k(f) = -f + 122. Give k(21).
101
Let k(w) = w**3 - 6